{"id":99,"date":"2023-08-07T08:43:31","date_gmt":"2023-08-07T11:43:31","guid":{"rendered":"https:\/\/facep.ufc.br\/?page_id=99"},"modified":"2023-08-07T08:43:31","modified_gmt":"2023-08-07T11:43:31","slug":"orgaos-auxiliares-da-presidencia","status":"publish","type":"page","link":"https:\/\/facep.ufc.br\/?page_id=99","title":{"rendered":"\u00d3RGAOS\u00a0AUXILIARES DA PRESID\u00caNCIA"},"content":{"rendered":"\n<p align=\"center\"><img decoding=\"async\" src=\"https:\/\/www.ufc-concursos.com.br\/facep\/left.gif\" alt=\"\"\/><img decoding=\"async\" src=\"https:\/\/www.ufc-concursos.com.br\/facep\/right.gif\" alt=\"\"\/><\/p>\n\n\n\n<p>S\u00e3o \u00f3rg\u00e3os auxiliares da presid\u00eancia e executam atividades, necess\u00e1rias&nbsp;\u00e0 operacionaliza\u00e7\u00e3o da gest\u00e3o da FACEP:&nbsp;\u200b<\/p>\n\n\n\n<p>Diretoria Administrativo-Financeira\u00a0\u200b<\/p>\n\n\n\n<p><strong>\u00a0\u00a0 <\/strong><a href=\"http:\/\/buscatextual.cnpq.br\/buscatextual\/visualizacv.do?id=K4482668E5&amp;tokenCaptchar=03ADUVZwCmROiIqeTZD00pYHN2UQdfucpsjTJ0aYN2IxlwFXRBNzLbNFtV1DiaY5AldqYBRMYp3X3uQpRs8P_kwLOtxkdRPshBowOQMsu0aMZTqX9TVUqxL0k-gYtIfxX7zS4yySSz_Xuln5aB0yG7gB6GhzNQoKbVcwM4Td9V5OJXUKJcbzupe2yP7xPDZwYLxo7Zxhc3X-AGZJfFy57yAYqvBITS3kvPv4PO6bM33e0BXlzjfVxLwS19vu4ulyL5AnQREA3mpYW6WI7GfJsZLoEZ_PUtV3ARXirynJioqiIgQa6nMYOtWql_jy0w7cxRVcOuvIiE4dVTpBfvC2Wfzw7yFCn6eOOY-aMTrNSLQAY7tjQyF98peY5DRO_TuRTkPH8sFYnipd1G3G9FZQmoJXq0E8fNMJvZx10mprVnIF_wd0MUVqJEg0zZlEYayv8wovgDzEE6Z0sERx1P8dLh2DYtyj5m4CkFVBEAHEOjMgkRBJ18XIxJtFaEg6_dRXpDLVnV3B8-e0WqQ9cQYw-Z3qy6Hv0axcWBcPsfPrPSSvNdKIJgJHUboLQ\" data-type=\"URL\" data-id=\"http:\/\/buscatextual.cnpq.br\/buscatextual\/visualizacv.do?id=K4482668E5&amp;tokenCaptchar=03ADUVZwCmROiIqeTZD00pYHN2UQdfucpsjTJ0aYN2IxlwFXRBNzLbNFtV1DiaY5AldqYBRMYp3X3uQpRs8P_kwLOtxkdRPshBowOQMsu0aMZTqX9TVUqxL0k-gYtIfxX7zS4yySSz_Xuln5aB0yG7gB6GhzNQoKbVcwM4Td9V5OJXUKJcbzupe2yP7xPDZwYLxo7Zxhc3X-AGZJfFy57yAYqvBITS3kvPv4PO6bM33e0BXlzjfVxLwS19vu4ulyL5AnQREA3mpYW6WI7GfJsZLoEZ_PUtV3ARXirynJioqiIgQa6nMYOtWql_jy0w7cxRVcOuvIiE4dVTpBfvC2Wfzw7yFCn6eOOY-aMTrNSLQAY7tjQyF98peY5DRO_TuRTkPH8sFYnipd1G3G9FZQmoJXq0E8fNMJvZx10mprVnIF_wd0MUVqJEg0zZlEYayv8wovgDzEE6Z0sERx1P8dLh2DYtyj5m4CkFVBEAHEOjMgkRBJ18XIxJtFaEg6_dRXpDLVnV3B8-e0WqQ9cQYw-Z3qy6Hv0axcWBcPsfPrPSSvNdKIJgJHUboLQ\" target=\"_blank\" rel=\"noreferrer noopener\"><strong>Profa. Joyce Arrais de Ara\u00fajo Andrade\u00a0<\/strong>(Diretora)\u200b<\/a><\/p>\n\n\n\n<p>\u200b<\/p>\n\n\n\n<p>Diretoria Cient\u00edfica\u200b<\/p>\n\n\n\n<p><strong>\u00a0\u00a0\u00a0 <\/strong><a href=\"http:\/\/buscatextual.cnpq.br\/buscatextual\/visualizacv.do?id=K4772915U3&amp;tokenCaptchar=03ADUVZwDnqs3F3X6b-Vgix5M5aZSyJK3LFOpzkNNW0O5tBEiT-kJ-zc-huZQoqRBv6AJbIoza3OgMlja_G5m2-711ISgxGTw-ma5kKhF3RbEaWD-M2di6afG5uFjDShWU9pW-B4S9fXukHJS_jbWFxReiBdDw6XxFJ9VmMFIecd2Q4GsINKui7bMLTYOF_Ul6Shq1KIHRT5ncfxGb-JCTV15rvO-bkLVX4w1Xv78joO0NuK5887FcCnD2e92PMNPoTlL9DHkZRvZsl9JeSBL1eSA1FC15URHqcQUykXIW3J6x0vHM44b_fEuTwmm-lwf5JHSfkDqXN45yHjzttpxf5LJA2kxkSHkLxHsVbta1ynQxtAn1yKyj6Jyr3yo0ItehXTUJ0S-gZWqWtNTffA3VIIgB-kIi7GKt0HtrTSy_t65uGSxuwcahHTnOvXp1BSs0arDEKG5IbjdY6BB8_1755BB8JoVxpOS6pg166Fqf1s4BQQ5do_r9USoKCNnxt7CI-aLSVHGKMYAypdmvsrAu1OS7zaiXYDkC3yEuyNoKrIgx5aRy5qH_yjw\" data-type=\"URL\" data-id=\"http:\/\/buscatextual.cnpq.br\/buscatextual\/visualizacv.do?id=K4772915U3&amp;tokenCaptchar=03ADUVZwDnqs3F3X6b-Vgix5M5aZSyJK3LFOpzkNNW0O5tBEiT-kJ-zc-huZQoqRBv6AJbIoza3OgMlja_G5m2-711ISgxGTw-ma5kKhF3RbEaWD-M2di6afG5uFjDShWU9pW-B4S9fXukHJS_jbWFxReiBdDw6XxFJ9VmMFIecd2Q4GsINKui7bMLTYOF_Ul6Shq1KIHRT5ncfxGb-JCTV15rvO-bkLVX4w1Xv78joO0NuK5887FcCnD2e92PMNPoTlL9DHkZRvZsl9JeSBL1eSA1FC15URHqcQUykXIW3J6x0vHM44b_fEuTwmm-lwf5JHSfkDqXN45yHjzttpxf5LJA2kxkSHkLxHsVbta1ynQxtAn1yKyj6Jyr3yo0ItehXTUJ0S-gZWqWtNTffA3VIIgB-kIi7GKt0HtrTSy_t65uGSxuwcahHTnOvXp1BSs0arDEKG5IbjdY6BB8_1755BB8JoVxpOS6pg166Fqf1s4BQQ5do_r9USoKCNnxt7CI-aLSVHGKMYAypdmvsrAu1OS7zaiXYDkC3yEuyNoKrIgx5aRy5qH_yjw\" target=\"_blank\" rel=\"noreferrer noopener\"><strong>Profa. Maria da Gloria Arrais Peter\u00a0<\/strong>(Diretora)\u200b<\/a><\/p>\n","protected":false},"excerpt":{"rendered":"<p>S\u00e3o \u00f3rg\u00e3os auxiliares da presid\u00eancia e executam atividades, necess\u00e1rias&nbsp;\u00e0 operacionaliza\u00e7\u00e3o da gest\u00e3o da FACEP:&nbsp;\u200b Diretoria Administrativo-Financeira\u00a0\u200b \u00a0\u00a0 Profa. Joyce Arrais de Ara\u00fajo Andrade\u00a0(Diretora)\u200b \u200b Diretoria Cient\u00edfica\u200b \u00a0\u00a0\u00a0 Profa. Maria da Gloria Arrais Peter\u00a0(Diretora)\u200b<span class=\"more-link\"><a href=\"https:\/\/facep.ufc.br\/?page_id=99\">Continue Reading<\/a><\/span><\/p>\n","protected":false},"author":1,"featured_media":0,"parent":0,"menu_order":0,"comment_status":"closed","ping_status":"closed","template":"","meta":{"footnotes":""},"class_list":["entry","author-admin","post-99","page","type-page","status-publish"],"_links":{"self":[{"href":"https:\/\/facep.ufc.br\/index.php?rest_route=\/wp\/v2\/pages\/99","targetHints":{"allow":["GET"]}}],"collection":[{"href":"https:\/\/facep.ufc.br\/index.php?rest_route=\/wp\/v2\/pages"}],"about":[{"href":"https:\/\/facep.ufc.br\/index.php?rest_route=\/wp\/v2\/types\/page"}],"author":[{"embeddable":true,"href":"https:\/\/facep.ufc.br\/index.php?rest_route=\/wp\/v2\/users\/1"}],"replies":[{"embeddable":true,"href":"https:\/\/facep.ufc.br\/index.php?rest_route=%2Fwp%2Fv2%2Fcomments&post=99"}],"version-history":[{"count":1,"href":"https:\/\/facep.ufc.br\/index.php?rest_route=\/wp\/v2\/pages\/99\/revisions"}],"predecessor-version":[{"id":100,"href":"https:\/\/facep.ufc.br\/index.php?rest_route=\/wp\/v2\/pages\/99\/revisions\/100"}],"wp:attachment":[{"href":"https:\/\/facep.ufc.br\/index.php?rest_route=%2Fwp%2Fv2%2Fmedia&parent=99"}],"curies":[{"name":"wp","href":"https:\/\/api.w.org\/{rel}","templated":true}]}}

ÓRGAOS AUXILIARES DA PRESIDÊNCIA

<p align="center"><img decoding="async" src="https://www.ufc-concursos.com.br/facep/left.gif" alt=""/><img decoding="async" src="https://www.ufc-concursos.com.br/facep/right.gif" alt=""/></p>



<p>São órgãos auxiliares da presidência e executam atividades, necessárias&nbsp;à operacionalização da gestão da FACEP:&nbsp;​</p>



<p>Diretoria Administrativo-Financeira ​</p>



<p><strong>   </strong><a href="http://buscatextual.cnpq.br/buscatextual/visualizacv.do?id=K4482668E5&amp;tokenCaptchar=03ADUVZwCmROiIqeTZD00pYHN2UQdfucpsjTJ0aYN2IxlwFXRBNzLbNFtV1DiaY5AldqYBRMYp3X3uQpRs8P_kwLOtxkdRPshBowOQMsu0aMZTqX9TVUqxL0k-gYtIfxX7zS4yySSz_Xuln5aB0yG7gB6GhzNQoKbVcwM4Td9V5OJXUKJcbzupe2yP7xPDZwYLxo7Zxhc3X-AGZJfFy57yAYqvBITS3kvPv4PO6bM33e0BXlzjfVxLwS19vu4ulyL5AnQREA3mpYW6WI7GfJsZLoEZ_PUtV3ARXirynJioqiIgQa6nMYOtWql_jy0w7cxRVcOuvIiE4dVTpBfvC2Wfzw7yFCn6eOOY-aMTrNSLQAY7tjQyF98peY5DRO_TuRTkPH8sFYnipd1G3G9FZQmoJXq0E8fNMJvZx10mprVnIF_wd0MUVqJEg0zZlEYayv8wovgDzEE6Z0sERx1P8dLh2DYtyj5m4CkFVBEAHEOjMgkRBJ18XIxJtFaEg6_dRXpDLVnV3B8-e0WqQ9cQYw-Z3qy6Hv0axcWBcPsfPrPSSvNdKIJgJHUboLQ" data-type="URL" data-id="http://buscatextual.cnpq.br/buscatextual/visualizacv.do?id=K4482668E5&amp;tokenCaptchar=03ADUVZwCmROiIqeTZD00pYHN2UQdfucpsjTJ0aYN2IxlwFXRBNzLbNFtV1DiaY5AldqYBRMYp3X3uQpRs8P_kwLOtxkdRPshBowOQMsu0aMZTqX9TVUqxL0k-gYtIfxX7zS4yySSz_Xuln5aB0yG7gB6GhzNQoKbVcwM4Td9V5OJXUKJcbzupe2yP7xPDZwYLxo7Zxhc3X-AGZJfFy57yAYqvBITS3kvPv4PO6bM33e0BXlzjfVxLwS19vu4ulyL5AnQREA3mpYW6WI7GfJsZLoEZ_PUtV3ARXirynJioqiIgQa6nMYOtWql_jy0w7cxRVcOuvIiE4dVTpBfvC2Wfzw7yFCn6eOOY-aMTrNSLQAY7tjQyF98peY5DRO_TuRTkPH8sFYnipd1G3G9FZQmoJXq0E8fNMJvZx10mprVnIF_wd0MUVqJEg0zZlEYayv8wovgDzEE6Z0sERx1P8dLh2DYtyj5m4CkFVBEAHEOjMgkRBJ18XIxJtFaEg6_dRXpDLVnV3B8-e0WqQ9cQYw-Z3qy6Hv0axcWBcPsfPrPSSvNdKIJgJHUboLQ" target="_blank" rel="noreferrer noopener"><strong>Profa. Joyce Arrais de Araújo Andrade </strong>(Diretora)​</a></p>



<p>​</p>



<p>Diretoria Científica​</p>



<p><strong>    </strong><a href="http://buscatextual.cnpq.br/buscatextual/visualizacv.do?id=K4772915U3&amp;tokenCaptchar=03ADUVZwDnqs3F3X6b-Vgix5M5aZSyJK3LFOpzkNNW0O5tBEiT-kJ-zc-huZQoqRBv6AJbIoza3OgMlja_G5m2-711ISgxGTw-ma5kKhF3RbEaWD-M2di6afG5uFjDShWU9pW-B4S9fXukHJS_jbWFxReiBdDw6XxFJ9VmMFIecd2Q4GsINKui7bMLTYOF_Ul6Shq1KIHRT5ncfxGb-JCTV15rvO-bkLVX4w1Xv78joO0NuK5887FcCnD2e92PMNPoTlL9DHkZRvZsl9JeSBL1eSA1FC15URHqcQUykXIW3J6x0vHM44b_fEuTwmm-lwf5JHSfkDqXN45yHjzttpxf5LJA2kxkSHkLxHsVbta1ynQxtAn1yKyj6Jyr3yo0ItehXTUJ0S-gZWqWtNTffA3VIIgB-kIi7GKt0HtrTSy_t65uGSxuwcahHTnOvXp1BSs0arDEKG5IbjdY6BB8_1755BB8JoVxpOS6pg166Fqf1s4BQQ5do_r9USoKCNnxt7CI-aLSVHGKMYAypdmvsrAu1OS7zaiXYDkC3yEuyNoKrIgx5aRy5qH_yjw" data-type="URL" data-id="http://buscatextual.cnpq.br/buscatextual/visualizacv.do?id=K4772915U3&amp;tokenCaptchar=03ADUVZwDnqs3F3X6b-Vgix5M5aZSyJK3LFOpzkNNW0O5tBEiT-kJ-zc-huZQoqRBv6AJbIoza3OgMlja_G5m2-711ISgxGTw-ma5kKhF3RbEaWD-M2di6afG5uFjDShWU9pW-B4S9fXukHJS_jbWFxReiBdDw6XxFJ9VmMFIecd2Q4GsINKui7bMLTYOF_Ul6Shq1KIHRT5ncfxGb-JCTV15rvO-bkLVX4w1Xv78joO0NuK5887FcCnD2e92PMNPoTlL9DHkZRvZsl9JeSBL1eSA1FC15URHqcQUykXIW3J6x0vHM44b_fEuTwmm-lwf5JHSfkDqXN45yHjzttpxf5LJA2kxkSHkLxHsVbta1ynQxtAn1yKyj6Jyr3yo0ItehXTUJ0S-gZWqWtNTffA3VIIgB-kIi7GKt0HtrTSy_t65uGSxuwcahHTnOvXp1BSs0arDEKG5IbjdY6BB8_1755BB8JoVxpOS6pg166Fqf1s4BQQ5do_r9USoKCNnxt7CI-aLSVHGKMYAypdmvsrAu1OS7zaiXYDkC3yEuyNoKrIgx5aRy5qH_yjw" target="_blank" rel="noreferrer noopener"><strong>Profa. Maria da Gloria Arrais Peter </strong>(Diretora)​</a></p>

<p>São órgãos auxiliares da presidência e executam atividades, necessárias&nbsp;à operacionalização da gestão da FACEP:&nbsp;​ Diretoria Administrativo-Financeira ​    Profa. Joyce Arrais de Araújo Andrade (Diretora)​ ​ Diretoria Científica​     Profa. Maria da Gloria Arrais Peter (Diretora)​<span class="more-link"><a href="https://facep.ufc.br/?page_id=99">Continue Reading</a></span></p>
