{"id":17,"date":"2023-08-07T07:11:10","date_gmt":"2023-08-07T10:11:10","guid":{"rendered":"http:\/\/facep.ufc.br\/?page_id=17"},"modified":"2023-08-07T08:30:40","modified_gmt":"2023-08-07T11:30:40","slug":"finalidades","status":"publish","type":"page","link":"https:\/\/facep.ufc.br\/?page_id=17","title":{"rendered":"FINALIDADES"},"content":{"rendered":"\n<p align=\"center\"><img decoding=\"async\" src=\"https:\/\/www.ufc-concursos.com.br\/facep\/left.gif\" alt=\"\"\/><img decoding=\"async\" src=\"https:\/\/www.ufc-concursos.com.br\/facep\/right.gif\" alt=\"\"\/><\/p>\n\n\n<p>A Funda\u00e7\u00e3o de Apoio \u00e0 Ci\u00eancia, Cultura, Estudos e Pesquisas (FACEP) tem como finalidades estatut\u00e1rias:\u200b<\/p>\n<ul>\n<li>Assist\u00eancia social;\u200b<\/li>\n<li>Cultura, defesa e conserva\u00e7\u00e3o do patrim\u00f4nio hist\u00f3rico e art\u00edstico;\u200b<\/li>\n<li>Educa\u00e7\u00e3o;\u200b<\/li>\n<li>Sa\u00fade;\u200b<\/li>\n<li>Seguran\u00e7a alimentar e nutricional;\u200b<\/li>\n<li>Defesa, preserva\u00e7\u00e3o e conserva\u00e7\u00e3o do meio ambiente e promo\u00e7\u00e3o do desenvolvimento sustent\u00e1vel;\u200b<\/li>\n<li>Pesquisa cient\u00edfica, desenvolvimento de tecnologias alternativas, moderniza\u00e7\u00e3o de sistemas de gest\u00e3o, produ\u00e7\u00e3o e divulga\u00e7\u00e3o de informa\u00e7\u00f5es e conhecimentos t\u00e9cnicos e cient\u00edficos;\u200b<\/li>\n<li>Promo\u00e7\u00e3o da \u00e9tica, da cidadania, da democracia e dos direitos humanos.\u200b<\/li>\n<\/ul>","protected":false},"excerpt":{"rendered":"<p>A Funda\u00e7\u00e3o de Apoio \u00e0 Ci\u00eancia, Cultura, Estudos e Pesquisas (FACEP) tem como finalidades estatut\u00e1rias:\u200b Assist\u00eancia social;\u200b Cultura, defesa e conserva\u00e7\u00e3o do patrim\u00f4nio hist\u00f3rico e art\u00edstico;\u200b Educa\u00e7\u00e3o;\u200b Sa\u00fade;\u200b Seguran\u00e7a alimentar e nutricional;\u200b Defesa, preserva\u00e7\u00e3o e conserva\u00e7\u00e3o do meio ambiente e promo\u00e7\u00e3o do desenvolvimento sustent\u00e1vel;\u200b Pesquisa cient\u00edfica, desenvolvimento de tecnologias alternativas,<span class=\"more-link\"><a href=\"https:\/\/facep.ufc.br\/?page_id=17\">Continue Reading<\/a><\/span><\/p>\n","protected":false},"author":1,"featured_media":0,"parent":0,"menu_order":0,"comment_status":"closed","ping_status":"closed","template":"","meta":{"footnotes":""},"class_list":["entry","author-admin","post-17","page","type-page","status-publish"],"_links":{"self":[{"href":"https:\/\/facep.ufc.br\/index.php?rest_route=\/wp\/v2\/pages\/17","targetHints":{"allow":["GET"]}}],"collection":[{"href":"https:\/\/facep.ufc.br\/index.php?rest_route=\/wp\/v2\/pages"}],"about":[{"href":"https:\/\/facep.ufc.br\/index.php?rest_route=\/wp\/v2\/types\/page"}],"author":[{"embeddable":true,"href":"https:\/\/facep.ufc.br\/index.php?rest_route=\/wp\/v2\/users\/1"}],"replies":[{"embeddable":true,"href":"https:\/\/facep.ufc.br\/index.php?rest_route=%2Fwp%2Fv2%2Fcomments&post=17"}],"version-history":[{"count":4,"href":"https:\/\/facep.ufc.br\/index.php?rest_route=\/wp\/v2\/pages\/17\/revisions"}],"predecessor-version":[{"id":87,"href":"https:\/\/facep.ufc.br\/index.php?rest_route=\/wp\/v2\/pages\/17\/revisions\/87"}],"wp:attachment":[{"href":"https:\/\/facep.ufc.br\/index.php?rest_route=%2Fwp%2Fv2%2Fmedia&parent=17"}],"curies":[{"name":"wp","href":"https:\/\/api.w.org\/{rel}","templated":true}]}}