{"id":151,"date":"2024-01-07T14:10:38","date_gmt":"2024-01-07T17:10:38","guid":{"rendered":"https:\/\/facep.ufc.br\/?page_id=151"},"modified":"2024-01-07T14:10:38","modified_gmt":"2024-01-07T17:10:38","slug":"perguntas-frequentes","status":"publish","type":"page","link":"https:\/\/facep.ufc.br\/?page_id=151","title":{"rendered":"PERGUNTAS FREQUENTES"},"content":{"rendered":"\n<p>1.<strong>O que <\/strong><strong>\u00e9<\/strong><strong> a FACEP?<\/strong><\/p>\n\n\n\n<p>\u2022R \u2013 A FACEP \u00e9 uma Funda\u00e7\u00e3o de Apoio \u00e0 Universidade Federal do Cear\u00e1, credenciada pelo MEC, para possibilitar o desenvolvimento de projetos de ensino, pesquisa e extens\u00e3o, no tocante \u00e0 execu\u00e7\u00e3o, gest\u00e3o financeira e or\u00e7ament\u00e1ria.<\/p>\n\n\n\n<p>1.<strong>Quem<\/strong><strong> <\/strong><strong>pode<\/strong><strong> se <\/strong><strong>beneficiar<\/strong><strong> do <\/strong><strong>apoio<\/strong><strong> da FACEP?<\/strong><\/p>\n\n\n\n<p>\u2022R- Professores, alunos , servidores t\u00e9cnicos administrativos&nbsp; e sociedade, desde que apresentem um projeto vinculado \u00e0 Universidade Federal do Cear\u00e1.<\/p>\n\n\n\n<p>\u2022<strong>3- Como a FACEP <\/strong><strong>presta<\/strong><strong> <\/strong><strong>contas<\/strong><strong> do <\/strong><strong>uso<\/strong><strong> das <\/strong><strong>doa\u00e7\u00f5es<\/strong><strong> e <\/strong><strong>recursos<\/strong><strong>?<\/strong><\/p>\n\n\n\n<p>\u2022R &#8211; As presta\u00e7\u00f5es de contas s\u00e3o realizadas para a UFC, mediante o envio de planilhas e toda a documenta\u00e7\u00e3o referente \u00e0 receitas e despesas de cada projeto. As presta\u00e7\u00f5es de contas podem ser parciais ou finais. Al\u00e9m disso, tamb\u00e9m s\u00e3o publicadas planilhas em nosso site, onde qualquer cidad\u00e3o pode acompanhar a execu\u00e7\u00e3o financeira e or\u00e7ament\u00e1ria dos projetos&nbsp; bem como os resultados obtidos.<\/p>\n\n\n\n<p>\u2022<strong>4<\/strong><strong> &#8211; A FACEP <\/strong><strong>oferece<\/strong><strong> <\/strong><strong>algum<\/strong><strong> <\/strong><strong>tipo<\/strong><strong> de <\/strong><strong>suporte<\/strong><strong> <\/strong><strong>t\u00e9cnico<\/strong><strong> <\/strong><strong>ou<\/strong><strong> <\/strong><strong>consultoria<\/strong><strong> para <\/strong><strong>projetos<\/strong><strong> de <\/strong><strong>pesquisa<\/strong><strong> <\/strong><strong>ou<\/strong><strong> <\/strong><strong>extens\u00e3o<\/strong><strong> da UFC?&nbsp;<\/strong><\/p>\n\n\n\n<p>\u2022R &#8211; Sim. A FACEP realiza todo o acompanhamento desde a concep\u00e7\u00e3o dos projetos, at\u00e9 a presta\u00e7\u00e3o de contas.<\/p>\n\n\n\n<p>\u2022<strong>5<\/strong><strong> &#8211; <\/strong><strong>Existe<\/strong><strong> <\/strong><strong>algum<\/strong><strong> <\/strong><strong>programa<\/strong><strong> de <\/strong><strong>incentivo<\/strong><strong> <\/strong><strong>ao<\/strong><strong> <\/strong><strong>empreendedorismo<\/strong><strong> <\/strong><strong>ou<\/strong><strong> <\/strong><strong>inova\u00e7\u00e3o<\/strong><strong> <\/strong><strong>apoiado<\/strong><strong> pela FACEP?<\/strong><\/p>\n\n\n\n<p>\u2022R &#8211; Sim. Temos a oferta de cursos de capacita\u00e7\u00e3o, com vistas a formar profissionais capacitados para a gest\u00e3o, tanto na \u00e1rea p\u00fablica como privada.<\/p>\n\n\n\n<p>\u2022<strong>6<\/strong><strong> \u2013 <\/strong><strong>Quais<\/strong><strong> <\/strong><strong>os<\/strong><strong> <\/strong><strong>principais<\/strong><strong> <\/strong><strong>projetos<\/strong><strong> da FACEP?<\/strong><\/p>\n\n\n\n<p>\u2022R &#8211; CONCURSOS,&nbsp; ESTUDOS, PESQUISAS, EVENTOS, PUBLICA\u00c7\u00d5ES, OUTROS PROJETOS.<\/p>\n\n\n\n<p>\u2022<strong>7 &#8211; Como <\/strong><strong>fa\u00e7o<\/strong><strong> para <\/strong><strong>entrar<\/strong><strong> <\/strong><strong>em<\/strong><strong> <\/strong><strong>contato<\/strong><strong> com a FACEP?<\/strong><\/p>\n\n\n\n<p>\u2022R &#8211; Atrav\u00e9s do nosso WhatsApp: 85.98771.0340, redes sociais: @institutoacep e e-mail:&nbsp;<a href=\"mailto:contato@facep.ufc.br\">contato@facep.ufc.br<\/a>.<\/p>\n\n\n\n<p>\u2022<strong>8 &#8211; Como <\/strong><strong>posso<\/strong><strong> <\/strong><strong>ficar<\/strong><strong> <\/strong><strong>atualizado<\/strong><strong> <\/strong><strong>sobre<\/strong><strong> <\/strong><strong>eventos<\/strong><strong> e <\/strong><strong>not\u00edcias<\/strong><strong> da FACEP?<\/strong><\/p>\n\n\n\n<p>\u2022R &#8211; Atrav\u00e9s do nosso instagram @institutoacep.<\/p>\n","protected":false},"excerpt":{"rendered":"<p>1.O que \u00e9 a FACEP? \u2022R \u2013 A FACEP \u00e9 uma Funda\u00e7\u00e3o de Apoio \u00e0 Universidade Federal do Cear\u00e1, credenciada pelo MEC, para possibilitar o desenvolvimento de projetos de ensino, pesquisa e extens\u00e3o, no tocante \u00e0 execu\u00e7\u00e3o, gest\u00e3o financeira e or\u00e7ament\u00e1ria. 1.Quem pode se beneficiar do apoio da FACEP? \u2022R-<span class=\"more-link\"><a href=\"https:\/\/facep.ufc.br\/?page_id=151\">Continue Reading<\/a><\/span><\/p>\n","protected":false},"author":1,"featured_media":0,"parent":0,"menu_order":0,"comment_status":"closed","ping_status":"closed","template":"","meta":{"footnotes":""},"class_list":["entry","author-admin","post-151","page","type-page","status-publish"],"_links":{"self":[{"href":"https:\/\/facep.ufc.br\/index.php?rest_route=\/wp\/v2\/pages\/151","targetHints":{"allow":["GET"]}}],"collection":[{"href":"https:\/\/facep.ufc.br\/index.php?rest_route=\/wp\/v2\/pages"}],"about":[{"href":"https:\/\/facep.ufc.br\/index.php?rest_route=\/wp\/v2\/types\/page"}],"author":[{"embeddable":true,"href":"https:\/\/facep.ufc.br\/index.php?rest_route=\/wp\/v2\/users\/1"}],"replies":[{"embeddable":true,"href":"https:\/\/facep.ufc.br\/index.php?rest_route=%2Fwp%2Fv2%2Fcomments&post=151"}],"version-history":[{"count":1,"href":"https:\/\/facep.ufc.br\/index.php?rest_route=\/wp\/v2\/pages\/151\/revisions"}],"predecessor-version":[{"id":152,"href":"https:\/\/facep.ufc.br\/index.php?rest_route=\/wp\/v2\/pages\/151\/revisions\/152"}],"wp:attachment":[{"href":"https:\/\/facep.ufc.br\/index.php?rest_route=%2Fwp%2Fv2%2Fmedia&parent=151"}],"curies":[{"name":"wp","href":"https:\/\/api.w.org\/{rel}","templated":true}]}}

<p>1.<strong>O que </strong><strong>é</strong><strong> a FACEP?</strong></p>



<p>•R – A FACEP é uma Fundação de Apoio à Universidade Federal do Ceará, credenciada pelo MEC, para possibilitar o desenvolvimento de projetos de ensino, pesquisa e extensão, no tocante à execução, gestão financeira e orçamentária.</p>



<p>1.<strong>Quem</strong><strong> </strong><strong>pode</strong><strong> se </strong><strong>beneficiar</strong><strong> do </strong><strong>apoio</strong><strong> da FACEP?</strong></p>



<p>•R- Professores, alunos , servidores técnicos administrativos&nbsp; e sociedade, desde que apresentem um projeto vinculado à Universidade Federal do Ceará.</p>



<p>•<strong>3- Como a FACEP </strong><strong>presta</strong><strong> </strong><strong>contas</strong><strong> do </strong><strong>uso</strong><strong> das </strong><strong>doações</strong><strong> e </strong><strong>recursos</strong><strong>?</strong></p>



<p>•R &#8211; As prestações de contas são realizadas para a UFC, mediante o envio de planilhas e toda a documentação referente à receitas e despesas de cada projeto. As prestações de contas podem ser parciais ou finais. Além disso, também são publicadas planilhas em nosso site, onde qualquer cidadão pode acompanhar a execução financeira e orçamentária dos projetos&nbsp; bem como os resultados obtidos.</p>



<p>•<strong>4</strong><strong> &#8211; A FACEP </strong><strong>oferece</strong><strong> </strong><strong>algum</strong><strong> </strong><strong>tipo</strong><strong> de </strong><strong>suporte</strong><strong> </strong><strong>técnico</strong><strong> </strong><strong>ou</strong><strong> </strong><strong>consultoria</strong><strong> para </strong><strong>projetos</strong><strong> de </strong><strong>pesquisa</strong><strong> </strong><strong>ou</strong><strong> </strong><strong>extensão</strong><strong> da UFC?&nbsp;</strong></p>



<p>•R &#8211; Sim. A FACEP realiza todo o acompanhamento desde a concepção dos projetos, até a prestação de contas.</p>



<p>•<strong>5</strong><strong> &#8211; </strong><strong>Existe</strong><strong> </strong><strong>algum</strong><strong> </strong><strong>programa</strong><strong> de </strong><strong>incentivo</strong><strong> </strong><strong>ao</strong><strong> </strong><strong>empreendedorismo</strong><strong> </strong><strong>ou</strong><strong> </strong><strong>inovação</strong><strong> </strong><strong>apoiado</strong><strong> pela FACEP?</strong></p>



<p>•R &#8211; Sim. Temos a oferta de cursos de capacitação, com vistas a formar profissionais capacitados para a gestão, tanto na área pública como privada.</p>



<p>•<strong>6</strong><strong> – </strong><strong>Quais</strong><strong> </strong><strong>os</strong><strong> </strong><strong>principais</strong><strong> </strong><strong>projetos</strong><strong> da FACEP?</strong></p>



<p>•R &#8211; CONCURSOS,&nbsp; ESTUDOS, PESQUISAS, EVENTOS, PUBLICAÇÕES, OUTROS PROJETOS.</p>



<p>•<strong>7 &#8211; Como </strong><strong>faço</strong><strong> para </strong><strong>entrar</strong><strong> </strong><strong>em</strong><strong> </strong><strong>contato</strong><strong> com a FACEP?</strong></p>



<p>•R &#8211; Através do nosso WhatsApp: 85.98771.0340, redes sociais: @institutoacep e e-mail:&nbsp;<a href="mailto:contato@facep.ufc.br">contato@facep.ufc.br</a>.</p>



<p>•<strong>8 &#8211; Como </strong><strong>posso</strong><strong> </strong><strong>ficar</strong><strong> </strong><strong>atualizado</strong><strong> </strong><strong>sobre</strong><strong> </strong><strong>eventos</strong><strong> e </strong><strong>notícias</strong><strong> da FACEP?</strong></p>



<p>•R &#8211; Através do nosso instagram @institutoacep.</p>

<p>1.O que é a FACEP? •R – A FACEP é uma Fundação de Apoio à Universidade Federal do Ceará, credenciada pelo MEC, para possibilitar o desenvolvimento de projetos de ensino, pesquisa e extensão, no tocante à execução, gestão financeira e orçamentária. 1.Quem pode se beneficiar do apoio da FACEP? •R-<span class="more-link"><a href="https://facep.ufc.br/?page_id=151">Continue Reading</a></span></p>
